 the units digit of 508001?
1
What is the ten thousands digit of 145732?
4
What is the units digit of 1565795?
5
What is the thousands digit of 472329?
2
What is the millions digit of 5749120?
5
What is the units digit of 244948?
8
What is the units digit of 329443?
3
What is the hundreds digit of 162086?
0
What is the hundred thousands digit of 15165921?
1
What is the hundred thousands digit of 1181148?
1
What is the hundreds digit of 97152?
1
What is the ten thousands digit of 1013047?
1
What is the units digit of 657644?
4
What is the hundred thousands digit of 1019122?
0
What is the units digit of 165302?
2
What is the hundreds digit of 22200?
2
What is the thousands digit of 387902?
7
What is the thousands digit of 101196?
1
What is the units digit of 3808907?
7
What is the tens digit of 1516424?
2
What is the hundreds digit of 8691472?
4
What is the hundred thousands digit of 2814916?
8
What is the units digit of 2187936?
6
What is the hundreds digit of 872204?
2
What is the hundred thousands digit of 5708666?
7
What is the hundreds digit of 99142?
1
What is the units digit of 4908939?
9
What is the thousands digit of 9371892?
1
What is the thousands digit of 45436446?
6
What is the hundreds digit of 6430386?
3
What is the ten thousands digit of 367712?
6
What is the ten thousands digit of 2839643?
3
What is the units digit of 924278?
8
What is the thousands digit of 133014?
3
What is the units digit of 200201?
1
What is the ten thousands digit of 720693?
2
What is the hundred thousands digit of 29578450?
5
What is the ten thousands digit of 42555?
4
What is the ten thousands digit of 209036?
0
What is the units digit of 969805?
5
What is the ten thousands digit of 110903?
1
What is the ten thousands digit of 12057540?
5
What is the thousands digit of 314639?
4
What is the millions digit of 7770375?
7
What is the millions digit of 1157251?
1
What is the hundred thousands digit of 5267901?
2
What is the units digit of 429724?
4
What is the units digit of 5662883?
3
What is the units digit of 1056977?
7
What is the hundreds digit of 3721264?
2
What is the thousands digit of 22010279?
0
What is the ten thousands digit of 3144344?
4
What is the units digit of 447033?
3
What is the units digit of 8755194?
4
What is the units digit of 331308?
8
What is the hundred thousands digit of 16814206?
8
What is the tens digit of 126541?
4
What is the hundred thousands digit of 180205?
1
What is the units digit of 742293?
3
What is the hundreds digit of 297023?
0
What is the thousands digit of 228455?
8
What is the ten thousands digit of 91985?
9
What is the hundred thousands digit of 8089508?
0
What is the ten millions digit of 31044256?
3
What is the ten thousands digit of 4075222?
7
What is the hundreds digit of 127024?
0
What is the thousands digit of 1134?
1
What is the tens digit of 5381898?
9
What is the hundred thousands digit of 4464822?
4
What is the ten thousands digit of 33698028?
9
What is the units digit of 303457?
7
What is the units digit of 327881?
1
What is the millions digit of 15918359?
5
What is the thousands digit of 33701?
3
What is the tens digit of 224723?
2
What is the thousands digit of 338944?
8
What is the units digit of 1175153?
3
What is the thousands digit of 8364964?
4
What is the millions digit of 2695448?
2
What is the tens digit of 980105?
0
What is the ten millions digit of 21532088?
2
What is the tens digit of 5905919?
1
What is the hundreds digit of 1307323?
3
What is the tens digit of 18569616?
1
What is the thousands digit of 103522?
3
What is the thousands digit of 1749176?
9
What is the thousands digit of 1790790?
0
What is the ten thousands digit of 357491?
5
What is the hundreds digit of 421017?
0
What is the hundreds digit of 347961?
9
What is the units digit of 449920?
0
What is the hundred thousands digit of 193130?
1
What is the thousands digit of 8517380?
7
What is the millions digit of 16421876?
6
What is the thousands digit of 1665179?
5
What is the thousands digit of 3325596?
5
What is the units digit of 182589?
9
What is the thousands digit of 128936?
8
What is the tens digit of 630749?
4
What is the thousands digit of 584576?
4
What is the thousands digit of 9264024?
4
What is the ten thousands digit of 18580541?
8
What is the units digit of 950158?
8
What is the units digit of 8477577?
7
What is the millions digit of 2708246?
2
What is the units digit of 296736?
6
What is the hundred thousands digit of 2647372?
6
What is the hundreds digit of 36373836?
8
What is the tens digit of 1201220?
2
What is the ten thousands digit of 12073432?
7
What is the millions digit of 3510707?
3
What is the millions digit of 3031379?
3
What is the hundred thousands digit of 7781441?
7
What is the units digit of 35508?
8
What is the ten thousands digit of 9921390?
2
What is the ten thousands digit of 35290732?
9
What is the thousands digit of 683394?
3
What is the millions digit of 1019475?
1
What is the ten thousands digit of 57243?
5
What is the units digit of 4339054?
4
What is the tens digit of 4323325?
2
What is the units digit of 2802165?
5
What is the hundreds digit of 537700?
7
What is the thousands digit of 374249?
4
What is the ten thousands digit of 527006?
2
What is the hundred thousands digit of 299665?
2
What is the tens digit of 612208?
0
What is the thousands digit of 782339?
2
What is the thousands digit of 4197578?
7
What is the tens digit of 42688328?
2
What is the ten thousands digit of 2836730?
3
What is the hundreds digit of 5966996?
9
What is the hundred thousands digit of 161055?
1
What is the units digit of 4458848?
8
What is the units digit of 1945555?
5
What is the hundred thousands digit of 31873099?
8
What is the tens digit of 769156?
5
What is the hundred thousands digit of 2530852?
5
What is the hundreds digit of 4414558?
5
What is the tens digit of 841181?
8
What is the thousands digit of 455510?
5
What is the millions digit of 33720557?
3
What is the hundred thousands digit of 24024448?
0
What is the ten millions digit of 12791384?
1
What is the units digit of 2187030?
0
What is the tens digit of 603156?
5
What is the ten thousands digit of 220054?
2
What is the hundred thousands digit of 365572?
3
What is the hundreds digit of 306705?
7
What is the thousands digit of 1279410?
9
What is the units digit of 7893541?
1
What is the units digit of 23584251?
1
What is the hundred thousands digit of 215575?
2
What is the thousands digit of 10987?
0
What is the ten thousands digit of 1168166?
6
What is the units digit of 139158?
8
What is the ten thousands digit of 747543?
4
What is the millions digit of 2817722?
2
What is the hundred thousands digit of 716632?
7
What is the millions digit of 9876937?
9
What is the ten thousands digit of 2376644?
7
What is the units digit of 14050936?
6
What is the tens digit of 20045842?
4
What is the millions digit of 1555103?
1
What is the millions digit of 1174365?
1
What is the hundreds digit of 97141?
1
What is the units digit of 10414103?
3
What is the tens digit of 3074836?
3
What is the ten thousands digit of 1212583?
1
What is the hundreds digit of 6017300?
3
What is the millions digit of 1408254?
1
What is the hundreds digit of 2225556?
5
What is the hundred thousands digit of 1356775?
3
What is the hundreds digit of 6752222?
2
What is the ten thousands digit of 121824?
2
What is the millions digit of 1615649?
1
What is the ten thousands digit of 127529?
2
What is the units digit of 484140?
0
What is the hundred thousands digit of 2548532?
5
What is the ten thousands digit of 1187165?
8
What is the units digit of 195934?
4
What is the hundreds digit of 10388373?
3
What is the tens digit of 88503?
0
What is the ten thousands digit of 5520856?
2
What is the thousands digit of 4043873?
3
What is the ten thousands digit of 3340047?
4
What is the hundred thousands digit of 3237368?
2
What is the millions digit of 40360003?
0
What is the thousands digit of 62255?
2
What is the units digit of 164796?
6
What is the ten thousands digit of 3393935?
9
What is the units digit of 1008446?
6
What is the hundreds digit of 584380?
3
What is the ten thousands digit of 364106?
6
What is the units digit of 4395036?
6
What is the thousands digit of 31413819?
3
Wha